= j + 19. Calculate the greatest common factor of s and 10.
10
Let t = 1 - 3. Let s = t - -7. Suppose -s*x = -2*a - 6 - 3, -a - 3*x = -23. Calculate the greatest common divisor of a and 8.
8
Suppose 3*m - 46 = -4*h, -3*m + 36 = -5*h - 1. What is the greatest common factor of 2 and m?
2
Suppose 0 = 4*u - p - p - 24, 10 = -5*p. Let n(h) = h**3 + 6*h**2 - 2*h + 8. Let m be n(-6). What is the highest common factor of m and u?
5
Let r be (-51)/(-5) + 3/(-15). Suppose 12*p = r*p + 150. What is the greatest common divisor of 25 and p?
25
Let g(n) = -17*n - 1. Let j be g(-1). What is the highest common divisor of 80 and j?
16
Let d(u) = 64*u**2 - u + 1. Let q be d(-1). Calculate the greatest common factor of 33 and q.
33
Let h(q) = -10*q**3 + q. Let f be h(-1). Let k = -1 + f. Calculate the highest common divisor of 32 and k.
8
Let d be 4/(0 + (-2)/(-8)). Suppose -3*p + 5*a + 29 = 0, a = 2*p + 2*a - 15. What is the highest common divisor of p and d?
8
Suppose -12 = -4*u - 2*k, 3*u + 0*u - 3*k + 9 = 0. What is the highest common divisor of u and 11?
1
Let t = 5 - 2. Suppose -5 - 7 = -t*j. Calculate the highest common factor of 8 and j.
4
Let a be ((-30)/5)/(-1*2). Let s be (-67)/(-4) - a/4. Suppose w = 5*g + 22, 4*w = 4*g + g + 118. Calculate the greatest common divisor of s and w.
16
Suppose -o + 50 = 4*o - 5*f, 5*f + 20 = 0. Let y be (42/24)/(2/24). Suppose -g - o = -y. Calculate the highest common divisor of g and 150.
15
Let h = 1262 - 1185. Suppose 3*u - 13 = 8. Calculate the highest common factor of h and u.
7
Suppose 5*b = -34 + 99. Suppose -4*i = -3*t + 626 - 185, -4*t + 575 = -i. What is the highest common divisor of t and b?
13
Let s = -17 - -11. Let o be (-3)/s - (-46)/4. What is the highest common divisor of 24 and o?
12
Let k(u) = -u**2 + 5*u + 5. Let r be k(-5). Let j = 85 + r. What is the greatest common divisor of 5 and j?
5
Suppose -m = -4*x - 24, 4 = 4*m - 3*x - 105. Calculate the greatest common factor of 84 and m.
28
Suppose -4*f + 2*f = -42. What is the greatest common divisor of f and 168?
21
Let c be 70/(1 + (5 - 4)). What is the highest common divisor of 5 and c?
5
Let a = -74 - -46. Let g = a - -80. Suppose -5*q = s - 260, q - 3*s + 16 = g. Calculate the highest common divisor of q and 34.
17
Let p(g) = 16*g - 4. Let o be p(2). What is the highest common divisor of o and 28?
28
Let h(p) = -p**2 + 21*p + 14. Let l be h(13). Suppose 2*i = -3*b + l, -3*i + 5*i + 5*b = 122. What is the highest common divisor of i and 7?
7
Let g be -1 - (0 - (-50)/1). Let c = -31 - g. What is the highest common divisor of c and 50?
10
Let x be (-107)/(-3) + (-2)/(-6). Let j(r) = 5*r**2 - 24*r + 85. Let s be j(5). Calculate the highest common divisor of s and x.
18
Let w = 74 + 16. Let s = 0 + -13. Let j = s + 23. Calculate the greatest common factor of j and w.
10
Suppose -2*s = -6*s + 16. Suppose 0 = -s*q + 3*q. Suppose -5*n - 2*h = -60, q*n - n - h = -9. What is the highest common factor of 112 and n?
14
Let o(m) = 21*m**2 + 2*m. Let f be o(2). Suppose 4*i = -w + 6, -5*w - 2*i - 2*i = -62. Suppose 3*t - f = w. What is the greatest common divisor of t and 17?
17
Let d be 60/4 - (-3 - 0). What is the highest common factor of d and 252?
18
Let q be (-3)/2 + (-18)/(-4). Let v = q - 0. Suppose v*f = 2*o - f - 138, -3*f - 141 = -2*o. Calculate the highest common divisor of 30 and o.
15
Let f(l) = -2*l + 4. Let j be f(-3). Let d be 5 + (-1)/(3/3). Let g = j + d. Calculate the highest common divisor of 112 and g.
14
Suppose -10*w = -7*w - 240. What is the greatest common factor of 40 and w?
40
Suppose 3*w + 26 = y + 82, 0 = -4*w + 4*y + 88. What is the greatest common divisor of 187 and w?
17
Suppose 2*j - 2 = 0, 4*n - 3*j = -j + 18. Suppose 0*m + n*m = 60. Let s be (-3)/m - 49/(-4). What is the highest common factor of 18 and s?
6
Let f = 22 + -4. Let b = 48 - f. What is the highest common divisor of b and 75?
15
Let i be ((-52)/6)/(4/(-30)). Let z(u) = u + 4. Let s(o) = -10*o - 1. Let a be s(-1). Let h be z(a). Calculate the greatest common factor of h and i.
13
Let q = 46 + 42. Suppose 5*w - 6 = -2*k, 5*w - 2 = -4*k + 10. Suppose 6*f - f - 40 = w. Calculate the greatest common factor of q and f.
8
Let j(y) = -y**3 + 7*y**2 + 7*y + 8. Let m be j(8). Suppose -2*i + 5*x + 174 = m, 3*i + 2*i - 365 = -5*x. What is the greatest common divisor of 7 and i?
7
Suppose 180 = 3*c + 126. Calculate the highest common divisor of c and 63.
9
Let a = 83 - 48. Suppose -3*x - s = -325, 3*x = 6*s - 3*s + 345. Let z be x/8 + (-1)/(-4). What is the greatest common divisor of a and z?
7
Let a = 54 + 243. Suppose r - a = -2*r. Calculate the greatest common divisor of 9 and r.
9
Suppose 0 = -2*w + o - 2311, 2*w - 4*o + 71 = -2231. Let k be w/(-7) + (-2)/7. Calculate the highest common factor of 15 and k.
15
Let c(p) = 6*p + 2. Let v(t) = -13*t - 5. Let s(j) = 5*c(j) + 3*v(j). Let b be s(-5). What is the highest common divisor of b and 4?
4
Suppose -2*q - 14 = -q. Let g = 16 + q. Calculate the highest common factor of g and 5.
1
Suppose 2*i + 9 + 23 = 0. Let x be (-1)/(-1) - 2 - i. Suppose o + 31 = 2*t - 3, -3*o = 12. What is the greatest common divisor of x and t?
15
Let l = -104 - -116. What is the highest common factor of 48 and l?
12
Suppose -14 = -v + 2*m, 0 = m + m + 8. Calculate the greatest common divisor of v and 66.
6
Let t = 247 + -152. Let s(p) = p**3 + 4*p**2 - 3*p + 1. Let u be s(2). Calculate the highest common divisor of t and u.
19
Let s(f) = 11*f - 2. Let k be s(2). Suppose -m - p = -35, p - 6*p + 115 = 3*m. Calculate the greatest common factor of k and m.
10
Suppose 18 + 14 = x - i, 0 = 3*x - i - 86. What is the greatest common factor of x and 18?
9
Let f = -1 + -3. Let w be f*(-3 - 1 - -1). Calculate the greatest common divisor of w and 96.
12
Suppose 4*o + 61 = 5*s, -3*o + 24 = 4*s - 0. What is the greatest common divisor of 9 and s?
9
Let i be 3/(-2) - 38/(-4). What is the greatest common divisor of i and 56?
8
Let d(i) = -i**3 + 6*i**2 - 7*i + 7. Let c be d(4). Calculate the greatest common divisor of 33 and c.
11
Suppose -30*a + 29*a = -56. Calculate the highest common divisor of 14 and a.
14
Suppose 3*o - 25 = -2*f + 17, 5*o + 106 = 4*f. What is the highest common divisor of f and 24?
24
Let u be (0/3 - -1)*4. Suppose 5*k - 9 = -2*n, 0*n - 4*n + 4 = -u*k. What is the highest common divisor of n and 6?
2
Let g(v) = -v**2 + 8*v - 2. Let w be g(7). What is the greatest common divisor of 2 and w?
1
Suppose 0*z + 3*z - 72 = 0. Suppose -5*b - 3*g = -315, 2*b + 0*g + 5*g = 145. What is the greatest common factor of z and b?
12
Suppose -o + 37 = 3*m, -o + 6*o = 2*m + 134. Let p be (12 - 10)/(2/o). What is the greatest common divisor of 28 and p?
28
Suppose -b = -5, b + 2*b + 20 = 5*u. What is the highest common factor of 77 and u?
7
Let j(m) = m - 15. Let c be j(13). Let y(q) = -5*q**3 + q - 2. Let u be y(c). Suppose 0 = 5*a + 29 - 149. Calculate the greatest common factor of a and u.
12
Let k(v) = 5*v. Let o be k(-1). Let a(q) = 4*q**2 - q - 7. Let f be a(o). Let d = 401 + -387. What is the greatest common factor of d and f?
14
Let w be 9 + (2 + -1 - -2). Let k = -8 + w. What is the highest common divisor of k and 1?
1
Suppose 4 = 6*l - 20. What is the highest common divisor of 44 and l?
4
Let c(r) = -3*r**3 - r**2 + 9*r + 3. Let s be c(-4). Suppose 3*h = -0*h + 39. Calculate the greatest common divisor of s and h.
13
Suppose 2*y - 3*m = 0, -4*y = 2*m - 0*m - 32. Calculate the highest common divisor of y and 30.
6
Suppose q - 4*r + 1 + 6 = 0, -4 = -2*r. Suppose -5*z + 4 + 1 = 0. What is the greatest common factor of z and q?
1
Suppose -l + 5*v + 2 = 0, 2*l - 10 = -3*l + 2*v. What is the greatest common divisor of l and 5?
1
Suppose 20*g - 22 = 19*g. What is the greatest common factor of 33 and g?
11
Let g = 20 + -11. Suppose 0 = -g*z + 12*z - 27. Calculate the greatest common factor of z and 27.
9
Let f = 1098 - 1085. Suppose -z = -33 - 19. Calculate the highest common divisor of z and f.
13
Suppose -6 = -5*y + 19. Suppose -y*g - j = 2*j - 25, 4*g - 13 = -j. Calculate the greatest common divisor of g and 10.
2
Suppose -2*a - 82 = -324. What is the greatest common divisor of 11 and a?
11
Let h = 39 - -15. Suppose h = -0*v + 3*v. Calculate the greatest comm